{"id":2739,"date":"2024-11-06T07:15:14","date_gmt":"2024-11-06T07:15:14","guid":{"rendered":"https:\/\/ipasa.com.mx\/?post_type=product&#038;p=2739"},"modified":"2026-02-13T20:00:32","modified_gmt":"2026-02-13T20:00:32","slug":"slat-modular-de-concreto-305-x-15-cm-para-casetas-de-cerdos","status":"publish","type":"product","link":"https:\/\/ipasa.com.mx\/index.php\/product\/slat-modular-de-concreto-305-x-15-cm-para-casetas-de-cerdos\/","title":{"rendered":"Slat modular de concreto 303 x 15 cm para casetas de cerdos"},"content":{"rendered":"<p>SLAT DE CONCRETO PREFABRICADO PARA PISO DE DESAG\u00dcE EN ENGORDA \/DESTETE DE CERDOS. EN MEDIDAS DE 15 CM\u00a0 DE ANCHO X 303 CM DE LARGO y 10.15cm (4&#8243;) DE GROSOR. FABRICADO CON PARRILLA TIPO &#8220;V&#8221; DE VARILLA 5\/16&#8243; CON CONCRETO HIDR\u00c1ULICO FC=280-300 KG\/CM2, CON ACABADO ESCOBILLADO LONGITUDINAL.<\/p>\n<p>~VENTAJAS~<\/p>\n<p>1. DISE\u00d1O \u00daNICO Y PATENTADO DE MEDIAS Y DE BAJO PESO (70KG\/PZ)<\/p>\n<p>2. VENTAJA PUEDE SER CARGADO Y MONTADO POR DOS OPERADORES, NO REQUIERE DE GR\u00daAS PARA CARGAR EL TRANSPORTE,<\/p>\n<p>3. PIEZA MODULAR QUE AL UNIRLOS FORMA LAS ZANJAS DEL DESAG\u00dcE PERMITIENDO CORRALES MAS LIMPIOS; DISE\u00d1O PATENTADO EN TRAMITE.<\/p>\n<p>4. CONTIE EN EL CONCRETO ADITIVO QUE CREA ESTRUCTURA CRISTALINA DENTRO DE LOS POROS, GRIETAS Y ESPACIOS VAC\u00cdOS QUE EVITA LA PENETRACI\u00d3N DE AGUA, PRODUCTOS QU\u00cdMICOS, ANTIMICROBIANA EVITA LA ACUMULACI\u00d3N DE PARASITOS Y BACTERIAS, LOGRANDO TENER CREAR UN PRODUCTO M\u00c1S HIGI\u00c9NICO Y DURADERO A LOS ORINES Y MATERIALES FECALES, PREVINIENDO ENFERMEDADES.<\/p>\n<p>5. MAYOR DURACI\u00d3N DE VIDA Y RESISTENCIA AL ESLAT 3 VECES MAS YA QUE REDUCE LA EROSION DE CONCRETO Y REPARA GRIETAS<\/p>\n","protected":false},"excerpt":{"rendered":"<p>SLAT DE CONCRETO PREFABRICADO PARA PISO DE DESAG\u00dcE EN ENGORDA \/DESTETE DE CERDOS. EN MEDIDAS DE 15 CM\u00a0 DE ANCHO X 303 CM DE LARGO y 10.15cm (4&#8243;) DE GROSOR. FABRICADO CON PARRILLA TIPO &#8220;V&#8221; DE VARILLA 5\/16&#8243; CON CONCRETO HIDR\u00c1ULICO FC=280-300 KG\/CM2, CON ACABADO ESCOBILLADO LONGITUDINAL. ~VENTAJAS~ 1. DISE\u00d1O \u00daNICO Y PATENTADO DE MEDIAS [&hellip;]<\/p>\n","protected":false},"featured_media":2753,"template":"","meta":{"site-sidebar-layout":"default","site-content-layout":"","ast-site-content-layout":"default","site-content-style":"default","site-sidebar-style":"default","ast-global-header-display":"","ast-banner-title-visibility":"","ast-main-header-display":"","ast-hfb-above-header-display":"","ast-hfb-below-header-display":"","ast-hfb-mobile-header-display":"","site-post-title":"","ast-breadcrumbs-content":"","ast-featured-img":"","footer-sml-layout":"","theme-transparent-header-meta":"default","adv-header-id-meta":"","stick-header-meta":"","header-above-stick-meta":"","header-main-stick-meta":"","header-below-stick-meta":"","astra-migrate-meta-layouts":"set","ast-page-background-enabled":"default","ast-page-background-meta":{"desktop":{"background-color":"","background-image":"","background-repeat":"repeat","background-position":"center center","background-size":"auto","background-attachment":"scroll","background-type":"","background-media":"","overlay-type":"","overlay-color":"","overlay-opacity":"","overlay-gradient":""},"tablet":{"background-color":"","background-image":"","background-repeat":"repeat","background-position":"center center","background-size":"auto","background-attachment":"scroll","background-type":"","background-media":"","overlay-type":"","overlay-color":"","overlay-opacity":"","overlay-gradient":""},"mobile":{"background-color":"","background-image":"","background-repeat":"repeat","background-position":"center center","background-size":"auto","background-attachment":"scroll","background-type":"","background-media":"","overlay-type":"","overlay-color":"","overlay-opacity":"","overlay-gradient":""}},"ast-content-background-meta":{"desktop":{"background-color":"var(--ast-global-color-5)","background-image":"","background-repeat":"repeat","background-position":"center center","background-size":"auto","background-attachment":"scroll","background-type":"","background-media":"","overlay-type":"","overlay-color":"","overlay-opacity":"","overlay-gradient":""},"tablet":{"background-color":"var(--ast-global-color-5)","background-image":"","background-repeat":"repeat","background-position":"center center","background-size":"auto","background-attachment":"scroll","background-type":"","background-media":"","overlay-type":"","overlay-color":"","overlay-opacity":"","overlay-gradient":""},"mobile":{"background-color":"var(--ast-global-color-5)","background-image":"","background-repeat":"repeat","background-position":"center center","background-size":"auto","background-attachment":"scroll","background-type":"","background-media":"","overlay-type":"","overlay-color":"","overlay-opacity":"","overlay-gradient":""}},"_joinchat":[]},"product_brand":[],"product_cat":[27,64,71,72,156,45],"product_tag":[157,158,159],"class_list":{"0":"post-2739","1":"product","2":"type-product","3":"status-publish","4":"has-post-thumbnail","6":"product_cat-accesorios","7":"product_cat-bioseguridad-e-inseminacion","8":"product_cat-pisos-y-tapetes","9":"product_cat-pisos-plasticos","10":"product_cat-slast-de-concreto","11":"product_cat-separador-de-solidos-y-bombas","12":"product_tag-piso-de-concreto","13":"product_tag-slat-de-concreto","14":"product_tag-slat-para-engorda","15":"desktop-align-left","16":"tablet-align-left","17":"mobile-align-left","19":"first","20":"onbackorder","21":"shipping-taxable","22":"purchasable","23":"product-type-simple"},"_links":{"self":[{"href":"https:\/\/ipasa.com.mx\/index.php\/wp-json\/wp\/v2\/product\/2739","targetHints":{"allow":["GET"]}}],"collection":[{"href":"https:\/\/ipasa.com.mx\/index.php\/wp-json\/wp\/v2\/product"}],"about":[{"href":"https:\/\/ipasa.com.mx\/index.php\/wp-json\/wp\/v2\/types\/product"}],"wp:featuredmedia":[{"embeddable":true,"href":"https:\/\/ipasa.com.mx\/index.php\/wp-json\/wp\/v2\/media\/2753"}],"wp:attachment":[{"href":"https:\/\/ipasa.com.mx\/index.php\/wp-json\/wp\/v2\/media?parent=2739"}],"wp:term":[{"taxonomy":"product_brand","embeddable":true,"href":"https:\/\/ipasa.com.mx\/index.php\/wp-json\/wp\/v2\/product_brand?post=2739"},{"taxonomy":"product_cat","embeddable":true,"href":"https:\/\/ipasa.com.mx\/index.php\/wp-json\/wp\/v2\/product_cat?post=2739"},{"taxonomy":"product_tag","embeddable":true,"href":"https:\/\/ipasa.com.mx\/index.php\/wp-json\/wp\/v2\/product_tag?post=2739"}],"curies":[{"name":"wp","href":"https:\/\/api.w.org\/{rel}","templated":true}]}}