{"id":2418,"date":"2024-02-28T15:45:54","date_gmt":"2024-02-28T15:45:54","guid":{"rendered":"https:\/\/ipasa.com.mx\/?post_type=product&#038;p=2418"},"modified":"2026-02-13T21:34:17","modified_gmt":"2026-02-13T21:34:17","slug":"comedero-para-lechon-en-destete-doble-5-bocas","status":"publish","type":"product","link":"https:\/\/ipasa.com.mx\/index.php\/product\/comedero-para-lechon-en-destete-doble-5-bocas\/","title":{"rendered":"Comedero para lech\u00f3n en destete 5 bocas por lado"},"content":{"rendered":"<p><span style=\"vertical-align: inherit\">Caracter\u00edsticas y <\/span>Especificaciones:<\/p>\n<ul>\n<li><span style=\"vertical-align: inherit\">Para alimento seco<\/span><\/li>\n<li><span style=\"vertical-align: inherit\">Bocas por ambos lados del comedero<\/span><\/li>\n<li><span style=\"vertical-align: inherit\">Fabricados en acero inoxidable calidad 304.<\/span><\/li>\n<li><span style=\"vertical-align: inherit\">Fabricaci\u00f3n totalmente soldada.<\/span><\/li>\n<li><span style=\"vertical-align: inherit\">Compuerta de f\u00e1cil ajuste y movimiento m\u00faltiple.<\/span><\/li>\n<li><span style=\"vertical-align: inherit\">Libre de filos y aristas por seguridad.<\/span><\/li>\n<li><span style=\"vertical-align: inherit\">El flujo mec\u00e1nico previene el atasco del alimento.<\/span><\/li>\n<li><span style=\"vertical-align: inherit\">Para alimentos en harina o pelletizados.<\/span><\/li>\n<li><span style=\"vertical-align: inherit\">M\u00ednimo desperdicio de alimentos.<\/span><\/li>\n<li>Sistema de apertura: Evite problemas en la regulaci\u00f3n del comedero con sistemas de tonillo que se est\u00e9ril o se atascan. Nuestro sistema mec\u00e1nico de control de apertura dosifica con facilidad y seguridad la cantidad y salida del alimento.<\/li>\n<li>La Capacidad de los comederos, en n\u00famero de cerdos, es de 4 a 5 lechones por boca.<\/li>\n<\/ul>\n<table width=\"413\">\n<tbody>\n<tr>\n<td width=\"124\">numero de bocas<\/td>\n<td width=\"145\">Capacidad en Alimento<\/td>\n<td width=\"144\">Capacidad en lechones<\/td>\n<\/tr>\n<tr>\n<td>10<\/td>\n<td>71<\/td>\n<td>20-25 por lado<\/td>\n<\/tr>\n<\/tbody>\n<\/table>\n<p><span style=\"vertical-align: inherit\">Nota: La capacidad de alimento del comedero puede tener un margen de error del 5 al 10 % dependiendo de las caracter\u00edsticas del alimento.<\/span><\/p>\n<p><span style=\"vertical-align: inherit\">18.04.2024 v<\/span><\/p>\n<p>&nbsp;<\/p>\n","protected":false},"excerpt":{"rendered":"<p>Comedero doble para jaula de destete construido en acero inoxidable calidad 304 marca IPASA modelo IPA-5DDI equipado con cinco bocas por lado, cortina regulable y barrenos porta comederos.<\/p>\n<p>Medidas:<\/p>\n<p>Ancho 43.20 cm, Altura 63.5 cm, Largo 76.2 cm<\/p>\n<p>Peso: 20.2 kg<\/p>\n","protected":false},"featured_media":1544,"template":"","meta":{"site-sidebar-layout":"default","site-content-layout":"","ast-site-content-layout":"default","site-content-style":"default","site-sidebar-style":"default","ast-global-header-display":"","ast-banner-title-visibility":"","ast-main-header-display":"","ast-hfb-above-header-display":"","ast-hfb-below-header-display":"","ast-hfb-mobile-header-display":"","site-post-title":"","ast-breadcrumbs-content":"","ast-featured-img":"","footer-sml-layout":"","theme-transparent-header-meta":"default","adv-header-id-meta":"","stick-header-meta":"","header-above-stick-meta":"","header-main-stick-meta":"","header-below-stick-meta":"","astra-migrate-meta-layouts":"set","ast-page-background-enabled":"default","ast-page-background-meta":{"desktop":{"background-color":"","background-image":"","background-repeat":"repeat","background-position":"center center","background-size":"auto","background-attachment":"scroll","background-type":"","background-media":"","overlay-type":"","overlay-color":"","overlay-opacity":"","overlay-gradient":""},"tablet":{"background-color":"","background-image":"","background-repeat":"repeat","background-position":"center center","background-size":"auto","background-attachment":"scroll","background-type":"","background-media":"","overlay-type":"","overlay-color":"","overlay-opacity":"","overlay-gradient":""},"mobile":{"background-color":"","background-image":"","background-repeat":"repeat","background-position":"center center","background-size":"auto","background-attachment":"scroll","background-type":"","background-media":"","overlay-type":"","overlay-color":"","overlay-opacity":"","overlay-gradient":""}},"ast-content-background-meta":{"desktop":{"background-color":"var(--ast-global-color-5)","background-image":"","background-repeat":"repeat","background-position":"center center","background-size":"auto","background-attachment":"scroll","background-type":"","background-media":"","overlay-type":"","overlay-color":"","overlay-opacity":"","overlay-gradient":""},"tablet":{"background-color":"var(--ast-global-color-5)","background-image":"","background-repeat":"repeat","background-position":"center center","background-size":"auto","background-attachment":"scroll","background-type":"","background-media":"","overlay-type":"","overlay-color":"","overlay-opacity":"","overlay-gradient":""},"mobile":{"background-color":"var(--ast-global-color-5)","background-image":"","background-repeat":"repeat","background-position":"center center","background-size":"auto","background-attachment":"scroll","background-type":"","background-media":"","overlay-type":"","overlay-color":"","overlay-opacity":"","overlay-gradient":""}},"_joinchat":[]},"product_brand":[],"product_cat":[39,75],"product_tag":[69,79],"class_list":{"0":"post-2418","1":"product","2":"type-product","3":"status-publish","4":"has-post-thumbnail","6":"product_cat-comederos","7":"product_cat-comederos-destete","8":"product_tag-comederos","9":"product_tag-tragaderos","10":"desktop-align-left","11":"tablet-align-left","12":"mobile-align-left","14":"first","15":"instock","16":"featured","17":"shipping-taxable","18":"purchasable","19":"product-type-simple"},"_links":{"self":[{"href":"https:\/\/ipasa.com.mx\/index.php\/wp-json\/wp\/v2\/product\/2418","targetHints":{"allow":["GET"]}}],"collection":[{"href":"https:\/\/ipasa.com.mx\/index.php\/wp-json\/wp\/v2\/product"}],"about":[{"href":"https:\/\/ipasa.com.mx\/index.php\/wp-json\/wp\/v2\/types\/product"}],"wp:featuredmedia":[{"embeddable":true,"href":"https:\/\/ipasa.com.mx\/index.php\/wp-json\/wp\/v2\/media\/1544"}],"wp:attachment":[{"href":"https:\/\/ipasa.com.mx\/index.php\/wp-json\/wp\/v2\/media?parent=2418"}],"wp:term":[{"taxonomy":"product_brand","embeddable":true,"href":"https:\/\/ipasa.com.mx\/index.php\/wp-json\/wp\/v2\/product_brand?post=2418"},{"taxonomy":"product_cat","embeddable":true,"href":"https:\/\/ipasa.com.mx\/index.php\/wp-json\/wp\/v2\/product_cat?post=2418"},{"taxonomy":"product_tag","embeddable":true,"href":"https:\/\/ipasa.com.mx\/index.php\/wp-json\/wp\/v2\/product_tag?post=2418"}],"curies":[{"name":"wp","href":"https:\/\/api.w.org\/{rel}","templated":true}]}}