{"id":1829,"date":"2023-10-25T15:56:21","date_gmt":"2023-10-25T15:56:21","guid":{"rendered":"https:\/\/ipasa.com.mx\/?post_type=product&#038;p=1829"},"modified":"2026-02-25T16:49:04","modified_gmt":"2026-02-25T16:49:04","slug":"comedero-en-plastico-para-lechones-en-maternidad","status":"publish","type":"product","link":"https:\/\/ipasa.com.mx\/index.php\/product\/comedero-en-plastico-para-lechones-en-maternidad\/","title":{"rendered":"Comedero en plastico para lechones en maternidad"},"content":{"rendered":"<p style=\"text-align: left\">Caracter\u00edsticas:<br \/>\n\uf0b7 * Fabricado con pl\u00e1stico 100% virgen y aditivos, que le otorgan una alta resistencia y durabilidad.<br \/>\n\uf0b7 * Se fija en cualquier tipo de piso de rejilla: pl\u00e1stico, metal o liso de concreto.<br \/>\n\uf0b7 * Complementa la alimentaci\u00f3n durante la etapa de la lactancia y favorece a que el lech\u00f3n inicie su etapa de alimentaci\u00f3n s\u00f3lida, probando en cualquiera de sus espacios diferentes tipos de alimentos e incluso aditivos.<br \/>\n\uf0b7 * Consta de comedero redondo de paredes gruesas, manija triangular con flecha de direcci\u00f3n, varilla de acero inoxidable, tubo de pl\u00e1stico, resorte y torniller\u00eda.<br \/>\n\uf0b7 * Altura al borde del plato: 5.5 cm.<br \/>\n\uf0b7 * Numero de divisiones: 4<br \/>\n\uf0b7 * Peso: 560g.<\/p>\n<p>17.02.2026<\/p>\n","protected":false},"excerpt":{"rendered":"<p>Beneficios\uf020\uf020<br \/>\n\uf0a7 Mayor peso de la camada.<br \/>\n\uf0a7 Mejor uniformidad de la camada.<br \/>\n\uf0a7 Disminuci\u00f3n en la conversi\u00f3n alimenticia.<br \/>\n\uf0a7 Menor n\u00famero de lechones retrasados.<br \/>\n\uf0a7 Ayuda en la disminuci\u00f3n de la mortalidad.<br \/>\n\uf0a7 Superficies lisas y redondeadas para f\u00e1cil lavado y desinfecci\u00f3n.<\/p>\n<p>NOTA: ESTE PRODUCTO ES BAJO PEDIDO, EN PEDIDOS MAYORES DE 30 PZ<\/p>\n","protected":false},"featured_media":1881,"template":"","meta":{"site-sidebar-layout":"default","site-content-layout":"","ast-site-content-layout":"default","site-content-style":"default","site-sidebar-style":"default","ast-global-header-display":"","ast-banner-title-visibility":"","ast-main-header-display":"","ast-hfb-above-header-display":"","ast-hfb-below-header-display":"","ast-hfb-mobile-header-display":"","site-post-title":"","ast-breadcrumbs-content":"","ast-featured-img":"","footer-sml-layout":"","theme-transparent-header-meta":"default","adv-header-id-meta":"","stick-header-meta":"","header-above-stick-meta":"","header-main-stick-meta":"","header-below-stick-meta":"","astra-migrate-meta-layouts":"set","ast-page-background-enabled":"default","ast-page-background-meta":{"desktop":{"background-color":"","background-image":"","background-repeat":"repeat","background-position":"center center","background-size":"auto","background-attachment":"scroll","background-type":"","background-media":"","overlay-type":"","overlay-color":"","overlay-opacity":"","overlay-gradient":""},"tablet":{"background-color":"","background-image":"","background-repeat":"repeat","background-position":"center center","background-size":"auto","background-attachment":"scroll","background-type":"","background-media":"","overlay-type":"","overlay-color":"","overlay-opacity":"","overlay-gradient":""},"mobile":{"background-color":"","background-image":"","background-repeat":"repeat","background-position":"center center","background-size":"auto","background-attachment":"scroll","background-type":"","background-media":"","overlay-type":"","overlay-color":"","overlay-opacity":"","overlay-gradient":""}},"ast-content-background-meta":{"desktop":{"background-color":"var(--ast-global-color-5)","background-image":"","background-repeat":"repeat","background-position":"center center","background-size":"auto","background-attachment":"scroll","background-type":"","background-media":"","overlay-type":"","overlay-color":"","overlay-opacity":"","overlay-gradient":""},"tablet":{"background-color":"var(--ast-global-color-5)","background-image":"","background-repeat":"repeat","background-position":"center center","background-size":"auto","background-attachment":"scroll","background-type":"","background-media":"","overlay-type":"","overlay-color":"","overlay-opacity":"","overlay-gradient":""},"mobile":{"background-color":"var(--ast-global-color-5)","background-image":"","background-repeat":"repeat","background-position":"center center","background-size":"auto","background-attachment":"scroll","background-type":"","background-media":"","overlay-type":"","overlay-color":"","overlay-opacity":"","overlay-gradient":""}},"_joinchat":[]},"product_brand":[],"product_cat":[39,40],"product_tag":[],"class_list":{"0":"post-1829","1":"product","2":"type-product","3":"status-publish","4":"has-post-thumbnail","6":"product_cat-comederos","7":"product_cat-comederos-lechon","8":"desktop-align-left","9":"tablet-align-left","10":"mobile-align-left","12":"first","13":"instock","14":"shipping-taxable","15":"purchasable","16":"product-type-simple"},"_links":{"self":[{"href":"https:\/\/ipasa.com.mx\/index.php\/wp-json\/wp\/v2\/product\/1829","targetHints":{"allow":["GET"]}}],"collection":[{"href":"https:\/\/ipasa.com.mx\/index.php\/wp-json\/wp\/v2\/product"}],"about":[{"href":"https:\/\/ipasa.com.mx\/index.php\/wp-json\/wp\/v2\/types\/product"}],"wp:featuredmedia":[{"embeddable":true,"href":"https:\/\/ipasa.com.mx\/index.php\/wp-json\/wp\/v2\/media\/1881"}],"wp:attachment":[{"href":"https:\/\/ipasa.com.mx\/index.php\/wp-json\/wp\/v2\/media?parent=1829"}],"wp:term":[{"taxonomy":"product_brand","embeddable":true,"href":"https:\/\/ipasa.com.mx\/index.php\/wp-json\/wp\/v2\/product_brand?post=1829"},{"taxonomy":"product_cat","embeddable":true,"href":"https:\/\/ipasa.com.mx\/index.php\/wp-json\/wp\/v2\/product_cat?post=1829"},{"taxonomy":"product_tag","embeddable":true,"href":"https:\/\/ipasa.com.mx\/index.php\/wp-json\/wp\/v2\/product_tag?post=1829"}],"curies":[{"name":"wp","href":"https:\/\/api.w.org\/{rel}","templated":true}]}}