{"id":1467,"date":"2023-10-25T15:49:24","date_gmt":"2023-10-25T15:49:24","guid":{"rendered":"https:\/\/ipasa.com.mx\/?post_type=product&#038;p=1467"},"modified":"2026-04-28T23:40:54","modified_gmt":"2026-04-28T23:40:54","slug":"bebedero-tipo-canoa-para-ovinos","status":"publish","type":"product","link":"https:\/\/ipasa.com.mx\/index.php\/product\/bebedero-tipo-canoa-para-ovinos\/","title":{"rendered":"Bebedero tipo Canoa sin base para Ovinos\/Borregos"},"content":{"rendered":"<p><span style=\"vertical-align: inherit\"><span style=\"vertical-align: inherit\">Bebedero tipo batea fabricado en acero inoxidable calidad 304, cal. <\/span><span style=\"vertical-align: inherit\">12 y 18. Equipado con flotador y guarda para flotador, las medidas son: 36cm de ancho, 122cm de largo, y 22cm de fondo. no se surte bases, ni herrajes de fijaci\u00f3n, se solicitan por separado.<br \/>\n<\/span><\/span><\/p>\n<p><span style=\"vertical-align: inherit\"><span style=\"vertical-align: inherit\">Los herrajes de fijaci\u00f3n en caso de que surta as\u00ed est\u00e1n fabricados en perfil inoxidable de 2\u201d y canal \u201cU\u201d en l\u00e1mina acero inoxidable. <\/span><span style=\"vertical-align: inherit\">(Equipo de venta por separado)<\/span><\/span><\/p>\n<p><span style=\"vertical-align: inherit\"><span style=\"vertical-align: inherit\">.<\/span><\/span><\/p>\n<ul>\n<li>Bebedero tipo canoa o batea fabricado en acero inoxidable calidad 304.<\/li>\n<li>De 36 cm de ancho, 122 cm de largo y 22 cm de fondo.<\/li>\n<li>Equipado con flotador y guarda para flotador.<\/li>\n<li>Se surte opcionalmente con herrajes de fijaci\u00f3n al piso.<\/li>\n<\/ul>\n<p>04.26 v<\/p>\n","protected":false},"excerpt":{"rendered":"<p>Bebedero tipo batea fabricado en acero inoxidable calidad 304, cal. 12 y 18. Equipado con flotador y guarda para flotador, las medidas son: 36cm de ancho, 122cm de largo, y 22cm de fondo. no se surte bases, ni herrajes de fijaci\u00f3n, se solicitan por separado. Los herrajes de fijaci\u00f3n en caso de que surta as\u00ed [&hellip;]<\/p>\n","protected":false},"featured_media":1560,"template":"","meta":{"site-sidebar-layout":"default","site-content-layout":"","ast-site-content-layout":"default","site-content-style":"default","site-sidebar-style":"default","ast-global-header-display":"","ast-banner-title-visibility":"","ast-main-header-display":"","ast-hfb-above-header-display":"","ast-hfb-below-header-display":"","ast-hfb-mobile-header-display":"","site-post-title":"","ast-breadcrumbs-content":"","ast-featured-img":"","footer-sml-layout":"","theme-transparent-header-meta":"default","adv-header-id-meta":"","stick-header-meta":"","header-above-stick-meta":"","header-main-stick-meta":"","header-below-stick-meta":"","astra-migrate-meta-layouts":"set","ast-page-background-enabled":"default","ast-page-background-meta":{"desktop":{"background-color":"","background-image":"","background-repeat":"repeat","background-position":"center center","background-size":"auto","background-attachment":"scroll","background-type":"","background-media":"","overlay-type":"","overlay-color":"","overlay-opacity":"","overlay-gradient":""},"tablet":{"background-color":"","background-image":"","background-repeat":"repeat","background-position":"center center","background-size":"auto","background-attachment":"scroll","background-type":"","background-media":"","overlay-type":"","overlay-color":"","overlay-opacity":"","overlay-gradient":""},"mobile":{"background-color":"","background-image":"","background-repeat":"repeat","background-position":"center center","background-size":"auto","background-attachment":"scroll","background-type":"","background-media":"","overlay-type":"","overlay-color":"","overlay-opacity":"","overlay-gradient":""}},"ast-content-background-meta":{"desktop":{"background-color":"var(--ast-global-color-5)","background-image":"","background-repeat":"repeat","background-position":"center center","background-size":"auto","background-attachment":"scroll","background-type":"","background-media":"","overlay-type":"","overlay-color":"","overlay-opacity":"","overlay-gradient":""},"tablet":{"background-color":"var(--ast-global-color-5)","background-image":"","background-repeat":"repeat","background-position":"center center","background-size":"auto","background-attachment":"scroll","background-type":"","background-media":"","overlay-type":"","overlay-color":"","overlay-opacity":"","overlay-gradient":""},"mobile":{"background-color":"var(--ast-global-color-5)","background-image":"","background-repeat":"repeat","background-position":"center center","background-size":"auto","background-attachment":"scroll","background-type":"","background-media":"","overlay-type":"","overlay-color":"","overlay-opacity":"","overlay-gradient":""}},"_joinchat":[]},"product_brand":[],"product_cat":[28,46,52],"product_tag":[80,81,82,83,84],"class_list":{"0":"post-1467","1":"product","2":"type-product","3":"status-publish","4":"has-post-thumbnail","6":"product_cat-bebederos","7":"product_cat-division-ganado","8":"product_cat-equipo-para-ovino","9":"product_tag-bebedero-inoxidable","10":"product_tag-bebedero-para-borregos","11":"product_tag-bebedero-para-cabras","12":"product_tag-bebedero-para-ovinos","13":"product_tag-bebedero-tipo-canoa","14":"desktop-align-left","15":"tablet-align-left","16":"mobile-align-left","18":"first","19":"onbackorder","20":"shipping-taxable","21":"purchasable","22":"product-type-simple"},"_links":{"self":[{"href":"https:\/\/ipasa.com.mx\/index.php\/wp-json\/wp\/v2\/product\/1467","targetHints":{"allow":["GET"]}}],"collection":[{"href":"https:\/\/ipasa.com.mx\/index.php\/wp-json\/wp\/v2\/product"}],"about":[{"href":"https:\/\/ipasa.com.mx\/index.php\/wp-json\/wp\/v2\/types\/product"}],"wp:featuredmedia":[{"embeddable":true,"href":"https:\/\/ipasa.com.mx\/index.php\/wp-json\/wp\/v2\/media\/1560"}],"wp:attachment":[{"href":"https:\/\/ipasa.com.mx\/index.php\/wp-json\/wp\/v2\/media?parent=1467"}],"wp:term":[{"taxonomy":"product_brand","embeddable":true,"href":"https:\/\/ipasa.com.mx\/index.php\/wp-json\/wp\/v2\/product_brand?post=1467"},{"taxonomy":"product_cat","embeddable":true,"href":"https:\/\/ipasa.com.mx\/index.php\/wp-json\/wp\/v2\/product_cat?post=1467"},{"taxonomy":"product_tag","embeddable":true,"href":"https:\/\/ipasa.com.mx\/index.php\/wp-json\/wp\/v2\/product_tag?post=1467"}],"curies":[{"name":"wp","href":"https:\/\/api.w.org\/{rel}","templated":true}]}}